{"id":1562,"date":"2015-03-04T22:43:58","date_gmt":"2015-03-04T21:43:58","guid":{"rendered":"http:\/\/www.joseyedro.com\/blog\/?page_id=1562"},"modified":"2015-03-04T22:43:58","modified_gmt":"2015-03-04T21:43:58","slug":"nano-tecnologia","status":"publish","type":"page","link":"http:\/\/www.joseyedro.com\/blog\/tira-de-comic\/nano-tecnologia\/","title":{"rendered":"Nano Tecnolog\u00eda"},"content":{"rendered":"<p style=\"text-align: justify;\">Para reparar la nano tecnolog\u00eda, qu\u00e9 mejor que un nano t\u00e9cnico&#8230;.<\/p>\n<div id=\"attachment_1564\" style=\"width: 605px\" class=\"wp-caption aligncenter\"><a href=\"http:\/\/www.joseyedro.com\/blog\/wp-content\/uploads\/2015\/03\/nano-t\u00e9cnico.jpg\" target=\"_blank\"><img aria-describedby=\"caption-attachment-1564\" loading=\"lazy\" class=\"wp-image-1564 size-full\" title=\"nano t\u00e9cnico\" src=\"http:\/\/www.joseyedro.com\/blog\/wp-content\/uploads\/2015\/03\/nano-t\u00e9cnico.jpg\" alt=\"nano t\u00e9cnico\" width=\"595\" height=\"447\" srcset=\"http:\/\/www.joseyedro.com\/blog\/wp-content\/uploads\/2015\/03\/nano-t\u00e9cnico.jpg 595w, http:\/\/www.joseyedro.com\/blog\/wp-content\/uploads\/2015\/03\/nano-t\u00e9cnico-300x225.jpg 300w\" sizes=\"(max-width: 595px) 100vw, 595px\" \/><\/a><p id=\"caption-attachment-1564\" class=\"wp-caption-text\">Nano T\u00e9cnico<\/p><\/div>\n<p style=\"text-align: center;\">\n","protected":false},"excerpt":{"rendered":"<p>Para reparar la nano tecnolog\u00eda, qu\u00e9 mejor que un nano t\u00e9cnico&#8230;.<\/p>\n","protected":false},"author":1,"featured_media":0,"parent":182,"menu_order":0,"comment_status":"open","ping_status":"open","template":"","meta":[],"yoast_head":"<!-- This site is optimized with the Yoast SEO plugin v16.0.2 - https:\/\/yoast.com\/wordpress\/plugins\/seo\/ -->\n<meta name=\"description\" content=\"T\u00e9cnico en nano tecnolog\u00eda experto en peque\u00f1as reparaciones\" \/>\n<meta name=\"robots\" content=\"index, follow, max-snippet:-1, max-image-preview:large, max-video-preview:-1\" \/>\n<link rel=\"canonical\" href=\"http:\/\/www.joseyedro.com\/blog\/tira-de-comic\/nano-tecnologia\/\" \/>\n<meta property=\"og:locale\" content=\"es_ES\" \/>\n<meta property=\"og:type\" content=\"article\" \/>\n<meta property=\"og:title\" content=\"Nano Tecnolog\u00eda\" \/>\n<meta property=\"og:description\" content=\"T\u00e9cnico en nano tecnolog\u00eda experto en peque\u00f1as reparaciones\" \/>\n<meta property=\"og:url\" content=\"http:\/\/www.joseyedro.com\/blog\/tira-de-comic\/nano-tecnologia\/\" \/>\n<meta property=\"og:site_name\" content=\"Si Trajano Levantara la Cabeza ...\" \/>\n<meta property=\"article:publisher\" content=\"https:\/\/www.facebook.com\/jose.yedro.5\" \/>\n<meta property=\"og:image\" content=\"http:\/\/www.joseyedro.com\/blog\/wp-content\/uploads\/2015\/03\/nano-t\u00e9cnico.jpg\" \/>\n<script type=\"application\/ld+json\" class=\"yoast-schema-graph\">{\"@context\":\"https:\/\/schema.org\",\"@graph\":[{\"@type\":\"WebSite\",\"@id\":\"https:\/\/www.joseyedro.com\/blog\/#website\",\"url\":\"https:\/\/www.joseyedro.com\/blog\/\",\"name\":\"Si Trajano Levantara la Cabeza ...\",\"description\":\"Desde el Peristilum\",\"potentialAction\":[{\"@type\":\"SearchAction\",\"target\":\"https:\/\/www.joseyedro.com\/blog\/?s={search_term_string}\",\"query-input\":\"required name=search_term_string\"}],\"inLanguage\":\"es\"},{\"@type\":\"ImageObject\",\"@id\":\"http:\/\/www.joseyedro.com\/blog\/tira-de-comic\/nano-tecnologia\/#primaryimage\",\"inLanguage\":\"es\",\"url\":\"http:\/\/www.joseyedro.com\/blog\/wp-content\/uploads\/2015\/03\/nano-t\\u00e9cnico.jpg\",\"width\":595,\"height\":447},{\"@type\":\"WebPage\",\"@id\":\"http:\/\/www.joseyedro.com\/blog\/tira-de-comic\/nano-tecnologia\/#webpage\",\"url\":\"http:\/\/www.joseyedro.com\/blog\/tira-de-comic\/nano-tecnologia\/\",\"name\":\"Nano Tecnolog\\u00eda\",\"isPartOf\":{\"@id\":\"https:\/\/www.joseyedro.com\/blog\/#website\"},\"primaryImageOfPage\":{\"@id\":\"http:\/\/www.joseyedro.com\/blog\/tira-de-comic\/nano-tecnologia\/#primaryimage\"},\"datePublished\":\"2015-03-04T21:43:58+00:00\",\"dateModified\":\"2015-03-04T21:43:58+00:00\",\"description\":\"T\\u00e9cnico en nano tecnolog\\u00eda experto en peque\\u00f1as reparaciones\",\"breadcrumb\":{\"@id\":\"http:\/\/www.joseyedro.com\/blog\/tira-de-comic\/nano-tecnologia\/#breadcrumb\"},\"inLanguage\":\"es\",\"potentialAction\":[{\"@type\":\"ReadAction\",\"target\":[\"http:\/\/www.joseyedro.com\/blog\/tira-de-comic\/nano-tecnologia\/\"]}]},{\"@type\":\"BreadcrumbList\",\"@id\":\"http:\/\/www.joseyedro.com\/blog\/tira-de-comic\/nano-tecnologia\/#breadcrumb\",\"itemListElement\":[{\"@type\":\"ListItem\",\"position\":1,\"item\":{\"@type\":\"WebPage\",\"@id\":\"https:\/\/www.joseyedro.com\/blog\/\",\"url\":\"https:\/\/www.joseyedro.com\/blog\/\",\"name\":\"Home\"}},{\"@type\":\"ListItem\",\"position\":2,\"item\":{\"@type\":\"WebPage\",\"@id\":\"http:\/\/www.joseyedro.com\/blog\/tira-de-comic\/\",\"url\":\"http:\/\/www.joseyedro.com\/blog\/tira-de-comic\/\",\"name\":\"TIRA DE C\\u00d3MIC\"}},{\"@type\":\"ListItem\",\"position\":3,\"item\":{\"@type\":\"WebPage\",\"@id\":\"http:\/\/www.joseyedro.com\/blog\/tira-de-comic\/nano-tecnologia\/\",\"url\":\"http:\/\/www.joseyedro.com\/blog\/tira-de-comic\/nano-tecnologia\/\",\"name\":\"Nano Tecnolog\\u00eda\"}}]}]}<\/script>\n<!-- \/ Yoast SEO plugin. -->","_links":{"self":[{"href":"http:\/\/www.joseyedro.com\/blog\/wp-json\/wp\/v2\/pages\/1562"}],"collection":[{"href":"http:\/\/www.joseyedro.com\/blog\/wp-json\/wp\/v2\/pages"}],"about":[{"href":"http:\/\/www.joseyedro.com\/blog\/wp-json\/wp\/v2\/types\/page"}],"author":[{"embeddable":true,"href":"http:\/\/www.joseyedro.com\/blog\/wp-json\/wp\/v2\/users\/1"}],"replies":[{"embeddable":true,"href":"http:\/\/www.joseyedro.com\/blog\/wp-json\/wp\/v2\/comments?post=1562"}],"version-history":[{"count":1,"href":"http:\/\/www.joseyedro.com\/blog\/wp-json\/wp\/v2\/pages\/1562\/revisions"}],"predecessor-version":[{"id":1565,"href":"http:\/\/www.joseyedro.com\/blog\/wp-json\/wp\/v2\/pages\/1562\/revisions\/1565"}],"up":[{"embeddable":true,"href":"http:\/\/www.joseyedro.com\/blog\/wp-json\/wp\/v2\/pages\/182"}],"wp:attachment":[{"href":"http:\/\/www.joseyedro.com\/blog\/wp-json\/wp\/v2\/media?parent=1562"}],"curies":[{"name":"wp","href":"https:\/\/api.w.org\/{rel}","templated":true}]}}